 316 = 3*g + 27, -g + 59 = -5*n. What is the remainder when 2536 is divided by g?
92
Let r = -21064 + 21190. Calculate the remainder when 489 is divided by r.
111
Let j(x) = -51*x + 2309. Calculate the remainder when 457 is divided by j(44).
2
Let q be (2 + -2)/5 - -39*8. Let z be (6/(-8))/(3/q). Let b = -21 - z. What is the remainder when b is divided by 15?
12
Let r(h) = h**3 + h + 19. What is the remainder when (-192985)/(-8907)*(-36)/(-10) is divided by r(0)?
2
Let z be 2/((-20)/146) + (-62)/155. What is the remainder when 33/1 - (-1 + -1) is divided by (3 + z)*(-2)/6?
3
Suppose 205*a - 5328 = 193*a. Let h = a + -32. What is the remainder when h is divided by 26?
22
Let b(g) = -g**2 - 7*g + 11. Let u = -142 + 200. Calculate the remainder when u is divided by b(-6).
7
Let n(s) = s**3 - 4 + 3 + 5*s**2 + 6*s + 3. Let i be n(-2). Suppose 5*w - 3*x = 30, -i*w - 4*x = x - 43. What is the remainder when 34 is divided by w?
7
Suppose 0 = -235*q + 751869 + 154761. What is the remainder when q is divided by 49?
36
Let o = 621 + -582. What is the remainder when 464 is divided by o?
35
Let d = 115 - -94. Suppose -d = -5*y + 506. What is the remainder when y is divided by 36?
35
Let s = -2191 + 2209. Let d = -45 + 30. Let h = s + d. Calculate the remainder when 11 is divided by h.
2
Let g = -7108 + 7365. Calculate the remainder when g is divided by 142.
115
Let m = 4818 + -4015. What is the remainder when m is divided by 4?
3
Suppose -2*w - 27 = 199. Let a = 122 + w. Calculate the remainder when (0 - -1)/((-4)/(-200)) is divided by a.
5
Let v = 745 + -256. Calculate the remainder when v is divided by 124.
117
Suppose v - 375 = i, 299*v - 301*v + 778 = 2*i. What is the remainder when v is divided by 27?
4
Suppose 0 = 2*o + 6 - 16. Suppose 4*l = -3*n + 42, 5*n + o*l = -0*l + 70. Calculate the remainder when (23 + 1)/2 + 271/(11924/2508) is divided by n.
13
Let b be 8/36 - (-493)/9. Let z(c) = -3*c + 16. Let t be z(7). What is the remainder when 30 is divided by (b/3)/t*-3?
8
Calculate the remainder when 1341 is divided by (2 + 12/(-5))*(-19 - -17)*335.
1
Let b = 245 + -165. Suppose 0 = -4*u + 4*t + b, -57 = -4*u + 3*t + 24. What is the remainder when 82 is divided by u?
19
Suppose 3*t = -5 + 11. Suppose -3*o = 2*o + t*m - 187, o - 4*m - 55 = 0. Let l = -4 + o. What is the remainder when l is divided by 14?
7
Suppose 315 = 7*g - 12*g. Let v = g + 777. What is the remainder when v is divided by 13?
12
Calculate the remainder when 1915/((-1425)/(-90) + -15) is divided by 49.
44
Let b(v) = -10*v - 130. Let y be b(-16). Suppose y*f = 952 + 488. What is the remainder when 139 is divided by f?
43
Let u(c) = c**3 + 7*c**2 - 4*c - 6. Let m(z) = 11 + 9 + 3*z - z**2 - 12 + 2*z. Let f be m(7). Calculate the remainder when u(f) is divided by 11.
10
Let a = -336 + 330. Calculate the remainder when 257 is divided by (-1200)/(-210)*((-27)/a - 1).
17
Suppose 4*m - 12 = 0, -2*t - 4*m - 85 = -261. What is the remainder when 297 is divided by t?
51
Let w be (-2)/(-8) - (-25)/(-4). Suppose -3*v - h = -100 + 3, -5*v + 5*h + 155 = 0. Calculate the remainder when v is divided by w/21 + 86/7.
8
Let v(b) = 38*b**2 + 26*b - 16. Let k(p) = -9*p**2 - 6*p + 4. Let q(h) = -9*k(h) - 2*v(h). What is the remainder when 81 is divided by q(-2)?
9
Suppose 4*k = 6*z - 1068, 29*z = 28*z - 2*k + 202. What is the remainder when 647 is divided by z?
95
Let u(h) = 6*h + 1. Let m(n) = 2*n**3 + n**2 + 16*n - 315. Let b be m(0). Calculate the remainder when u(1) is divided by 1 + (-2)/4 - b/70.
2
Suppose -5*s - 5 = 0, -4*t + 0*s = 5*s - 7. Suppose -2*x = 3*g - 23 - 45, -4*x = -t*g - 118. Calculate the remainder when x is divided by 2*(-1*(-17)/2 - 3).
9
Let t = -14141 - -20887. What is the remainder when t is divided by 17?
14
Let s = -4 + 45. Suppose -407*b - 1759 = -453*b - 287. What is the remainder when s is divided by b?
9
Suppose -11*v = -12*v. Suppose v = -4*a + 119 + 1. Suppose -3*g - 5*i = -244, 3*g - 4*i - 260 = -5*i. Calculate the remainder when g is divided by a.
28
What is the remainder when 364 is divided by (1*25)/(2/(-8)*-4*1)?
14
Suppose 4*h - h - 159 = 3*c, 0 = -3*h - c + 175. Let p = 60 - h. Calculate the remainder when (p - (-23)/(-3))*-15 is divided by 24.
22
Let t(n) be the third derivative of -n**4/8 - 19*n**2. Let v be t(-5). Let f(m) = -2*m**2 + 30*m + 16. What is the remainder when 62 is divided by f(v)?
14
Let b = -32 + 71. Suppose 0 = 2*y + 2 - 10. Calculate the remainder when b is divided by (2/y)/(2/84).
18
Suppose 2*f - 489 = g - 2*g, 0 = 5*g + 4*f - 2457. Suppose 418 = 2*d + 9*d. What is the remainder when g is divided by d?
37
Calculate the remainder when (-11 - 1) + 123 + -16 is divided by 10.
5
Suppose r = 7 + 27. Suppose 0*b - 852 = 12*b. Let y = -53 - b. What is the remainder when r is divided by y?
16
Let b = -102 - -196. Suppose 2*r + 141 = 3*g - 0*r, -5*r + b = 2*g. Suppose -713 - 2328 = -1059*x + 5431. Calculate the remainder when g is divided by x.
7
Let o be (((-456)/9)/(-4))/((-2)/9). Let s be (2/(-4))/(3 - o/(-18)). Suppose -36 = -s*v + 24. What is the remainder when 31 is divided by v?
11
Let u(k) = 100*k + 13. Let c be u(-1). Let n = -57 - c. Calculate the remainder when 114 is divided by n.
24
Let t(y) = 8*y - 1. Suppose -6292 - 8113 = -215*q. Calculate the remainder when q is divided by t(1).
4
Suppose 0 = -3*x - 2*z + 4358, -263*x - z - 7272 = -268*x. Calculate the remainder when x is divided by 90.
14
Let h be 5 + 24/(-6) + -7. Let x(i) = -i**3 - 4*i**2 + i - 40. What is the remainder when x(h) is divided by 14?
12
Suppose -91106 = -227*b + 15584. Calculate the remainder when 1511 is divided by b.
101
Suppose -4*d + 212 + 648 = 0. Suppose 6*h - 11*h = -d. Let s = h - 10. Calculate the remainder when s is divided by 18.
15
Let g be 20/(-90)*(12 + -3) + 6. Suppose g*p - 296 = 188. Calculate the remainder when p is divided by 54.
13
Let j(b) = 3*b**2 + 8*b + 13. Let a be j(-2). Calculate the remainder when (a/(-3) - -312) + 1 + -5 is divided by 22.
19
Suppose 0 = 4*n - 58 - 10. Suppose -4*i + 3*l + 223 = 0, -14*l = -17*l + 9. What is the remainder when i is divided by n?
7
Suppose 62 - 2 = -4*k - 4*f, 0 = -3*k - 2*f - 50. Calculate the remainder when 239 is divided by (72/k + 10)/((-2)/(-5)).
15
Let n be (-4)/6 + (-1968)/(-9). Suppose -n = -2*z - 0*z. Suppose 0*y + 93 = 3*y - 3*p, 43 = y - 5*p. Calculate the remainder when z is divided by y.
25
Let p = 15 - 13. Let a be ((-9)/(-18))/(p/(-4)). What is the remainder when 66 is divided by a/(-5) + 168/10?
15
Let w = 181 + -88. Suppose -w = 2*t - 309. Suppose 3*x = 2*o + x - 112, -2*o + x + t = 0. Calculate the remainder when o is divided by 9.
7
Suppose 5*g - 216*c = -219*c + 9088, -6*c - 24 = 0. What is the remainder when g is divided by 29?
22
Let v(q) = -30*q + 51. Let r be v(8). Let a = r + 208. Calculate the remainder when 52 is divided by a.
14
Let g = -28842 + 30694. Calculate the remainder when g is divided by 58.
54
Suppose 875*m = o + 880*m - 30, -5*o + 2*m + 285 = 0. Suppose -q - 2 = -0*q, 0 = -4*f + 3*q + 3294. Calculate the remainder when f is divided by o.
52
Suppose 4*g = 8, -a - 5*g - 2198 = -5*a. What is the remainder when a is divided by 7?
6
Suppose -3*b - 32 = -4*m + 141, -3*b = 2*m - 109. Suppose -m*u = -39*u - 160. Calculate the remainder when u is divided by 13.
7
Suppose -4*c = -b + 215, 2*c + 657 = 5*b - 508. Let t = 810 - b. Suppose -2*a + i + 115 = -a, -5*a = 3*i - t. Calculate the remainder when a is divided by 29.
28
Suppose 3*s + 5*l - 2774 = 0, 4*s - l - 3275 = 462. What is the remainder when s is divided by 26?
23
Let u be -3*(-3)/9 - 1. Let r be 0*(-2 + 4 - 1). Suppose u*d + d - 14 = r. What is the remainder when 151 is divided by d?
11
Let x(b) = -11*b**2 + 5*b**2 + 8*b**2 + 3 - 13 + 11*b. Suppose -p = 3*p - 16. Calculate the remainder when x(-7) is divided by p.
3
Calculate the remainder when -3 - 35155/(-55) - (688/(-88) + 8) is divided by 8.
4
Let s = -242 - -433. Let u = 502 + -453. What is the remainder when s is divided by u?
44
Let x(i) = i**2 + 4. Let o = -123099 + 123115. What is the remainder when x(4) is divided by o?
4
Let d be (2 - -8)/(-5) + 357. Suppose d = 3*p + 2*o, -304 = -3*p + 3*o + 26. Suppose -12*r = -281 - p. Calculate the remainder when r is d